 -211 = 4*z - 571. Suppose 5*h - z = -20. Suppose -4*g - r = r - 34, h = -g - 5*r. What is the units digit of g?
1
Let z(g) = g**3 + 5*g**2 - 8*g - 10. Let f be z(-6). Let k(y) = -y**2 - 7*y + 5. Let o be k(-8). What is the units digit of (-3)/(o*f/4)?
2
Let r = 224 + -124. What is the units digit of r?
0
Let z(p) = -p**2 - 6*p + 6. Let w = -14 + 9. What is the tens digit of z(w)?
1
Let v(t) = -51 - t + 51. What is the units digit of v(-12)?
2
Suppose 3*v + 4 - 1 = 0. Let u = v - -2. What is the units digit of u/((-10)/6 + 2)?
3
Let n = -31 - -41. What is the units digit of n?
0
Suppose 5*m + 0*m + 5*s = 360, -156 = -2*m + s. What is the tens digit of m?
7
Suppose 0 = l + l - 32. Suppose 2*y - 3*g = -2*g + 5, 5*g + 25 = -4*y. Suppose 4*f = -y*f + l. What is the units digit of f?
4
Suppose 6*b - 410 + 56 = 0. What is the units digit of b?
9
Let k(d) = -d**3 + d**2 + 3*d - 2. Let b(o) = -o + 8. Let m be b(6). Let x be k(m). Suppose 2*a + x*a - 2 = -u, -u + 2*a + 2 = 0. What is the units digit of u?
2
What is the tens digit of (4 + -8)*1 - -57?
5
Let y = -3 + 2. Let k = y + 3. What is the units digit of -2*(0 - 0 - k)?
4
Let z(y) = -y**2 + 7*y - 1. Let s be (1 - 2)*(-2 - 3). What is the units digit of z(s)?
9
What is the units digit of (-7)/(-70) - 1049/(-10)?
5
Suppose -5*v - 9 = -4. Let w(j) = j**2 + 1. Let h be w(v). What is the units digit of 2 - -2*2 - h?
4
Let k = 18 - 11. Let l(o) = -o**3 + 8*o**2 - 7*o + 2. Let w be l(k). What is the units digit of w/7 + (-52)/(-14)?
4
Suppose 4 = 2*x - 0. Suppose g + 5*m + 6 = 0, -g + 0*g = m - x. Suppose -2*c + 3*v - 2 = -4*c, 3*v = -4*c + g. What is the units digit of c?
1
Let y(q) = 3*q + 7. Let j be y(7). Let s be (-2 - (-5)/2)*4. Suppose 3*o - 4*m + 1 = 15, -2*m + j = s*o. What is the units digit of o?
0
Let c = 8 + -6. Suppose c*a - 15 = -3*a. What is the units digit of a?
3
Let f(g) = -g + 13. Suppose 0 = -3*w + 4 + 8. Suppose v + 18 = w*v. What is the units digit of f(v)?
7
Let g(u) = 2*u**2 + 10*u - 1. Let t be g(-8). What is the units digit of (-18)/(-30) + t/5?
0
Let x(r) = 2*r**3 - r**2 - 6*r - 15. What is the tens digit of x(4)?
7
Suppose 5*a - 8 - 17 = 0. Let j be -5*(2/a)/(-1). Suppose j*u = -u + 42. What is the units digit of u?
4
Suppose -v - 40 = v. Let h be 12/v - (-13)/5. Suppose 3*f - 3*d - 2*d - 52 = 0, h*f + d - 13 = 0. What is the units digit of f?
9
Suppose 2*r = -r - 57. Let o = r - -38. What is the units digit of o?
9
What is the units digit of (-16 + 7)*(-26)/3?
8
Suppose -3*h - 3 = -4*h. Let j be 170/7 + (-22)/77. Suppose -j = -h*y - y. What is the units digit of y?
6
Let o(n) = -n**2 + 8*n + 1. Let k be o(8). What is the units digit of 4 + 1 + k + 2?
8
What is the units digit of (-2)/6 - (-4)/3?
1
Let b(i) = -i + 10. Let y = 19 - 12. What is the units digit of b(y)?
3
Suppose -7*d - 228 = -13*d. What is the units digit of d?
8
Suppose 8*y = 3*y + 180. Suppose 0 = -2*k + 3*s + y, -50 = -4*k - 3*s - 14. What is the tens digit of k?
1
What is the tens digit of ((-2)/(-3) + (-45)/27)*-100?
0
Let z(h) = h**2 - 15*h - 8. Let j be z(9). What is the tens digit of -1 - j*(-4)/(-8)?
3
Let d(h) be the first derivative of h**2 - 5*h + 2. What is the units digit of d(5)?
5
Let k(l) = l**3 + 13*l**2 + 12*l - 1. Let m be k(-12). What is the units digit of 0 + m - (-13)/1?
2
Let y(f) = 2*f + 2. Let m be y(3). Suppose -i - 2*t + 19 = 3*t, -5*i = -4*t - m. Suppose 0 = -4*p - 3*w + 13, -i = -4*p + w - 3. What is the units digit of p?
1
Suppose 0*u - 4*u = -48. Suppose -d = -3*s - u, 5*d - 4*s = 31 + 7. What is the units digit of d?
6
Suppose -3*g + 3*c = -2*c - 40, 2*g = 2*c + 20. Let i(y) = 2 + 2*y**2 + g*y + 0 - 6. What is the units digit of i(-4)?
8
Let j(x) = -x**3 + 3*x**2 + x + 4. Let z be j(3). Suppose 0 = 2*n - z*n. Let o = 2 - n. What is the units digit of o?
2
Let r = 4 - 0. Suppose -6*w + r*w = -44. Let s = -10 + w. What is the units digit of s?
2
Suppose 0 = -3*q - l + 352 + 211, -380 = -2*q + 4*l. What is the tens digit of q?
8
Let j = 19 + -9. Suppose -25 = 5*m - j*m. What is the units digit of m?
5
Let k = 559 + -235. What is the hundreds digit of k?
3
Suppose a + 4*x = -3*a + 468, -4*a + x = -463. What is the tens digit of a?
1
What is the units digit of ((-18)/(-15))/(4/330)?
9
Suppose 4*c - 4*r = 384, -2*r = 3*c - 6*c + 287. What is the tens digit of c?
9
Suppose 2*z - 7*z - 100 = 0. Let n = z + 37. What is the tens digit of n?
1
Suppose 25 = -2*r - 3. Let d be (-4)/(-16) - r/8. Let i = 3 - d. What is the units digit of i?
1
Suppose 2*m = 2*l - 2*m - 2, 2*m = 3*l + 1. Let i be 39 - l - (-10)/(-5). Suppose -4*s - q = -73, 5*q + 22 = 5*s - i. What is the tens digit of s?
1
Let o = 213 - 65. What is the tens digit of o?
4
Suppose 2*c = -3*j - 13, -4*j - 4 + 0 = 0. Let t(v) = -9*v + 10. What is the units digit of t(c)?
5
Let y = 5 - -3. Suppose 0 = -3*g, y*h - 3*h + 3*g = 175. What is the units digit of h?
5
Suppose p + 2*x = -0*p - 8, 0 = -4*p + x + 4. Suppose 3*m + 2*u = 22, p*u - 3*u - 43 = -5*m. What is the units digit of m?
8
Let o = 198 + -103. What is the tens digit of o?
9
Suppose 0 + 6 = -2*m. Let a = m - -12. What is the units digit of a?
9
Let y(m) = m + 15. Let l be y(-12). Let z(j) = j**2 - 5*j + 4. Let c be z(4). Suppose 15 = -c*i + l*i. What is the units digit of i?
5
Suppose -2*s + 221 = -233. What is the hundreds digit of s?
2
Suppose -4*v + 4*t + 342 + 590 = 0, 3*v + t = 695. What is the units digit of v?
2
Let p(c) = 2*c**2 + 4*c + 27. What is the tens digit of p(-7)?
9
Let z = 6 - -30. What is the units digit of z?
6
Suppose 3*k - 76 = -7. What is the units digit of k?
3
Let p be 3*1/(3/(-2)). Suppose -d = 0, 6*d + 24 = -2*s + d. What is the units digit of s*p/(3 - -1)?
6
Suppose -9 = 5*u - 6*u. What is the units digit of u?
9
Suppose c - 6*c - 170 = 0. Let u = -22 - c. Suppose -14 - u = -2*m. What is the units digit of m?
3
Suppose 0 = -6*w - 3*w + 1575. What is the units digit of w?
5
Let x = 88 + -35. What is the tens digit of x?
5
Suppose -5*m - 5*q + 1715 = 0, m + 3*q = -8 + 341. What is the hundreds digit of m?
3
Let i(z) = 2*z**2 - 9*z - 9. What is the units digit of i(7)?
6
What is the units digit of (-3 - -2)/(5/(-205))?
1
Let f(y) = -2*y + 0 + 4 - 1 + 3*y**2. Let a(l) = -l**2 + 5*l - 2. Let k be a(4). What is the units digit of f(k)?
1
Suppose -4 = -8*j + 44. What is the units digit of j?
6
What is the tens digit of 1/((-2)/46)*(6 - 8)?
4
Suppose 4*k - 125 = -i, -3*k - 2*i - 3*i = -98. What is the units digit of k?
1
Let p(i) = i**3 + 2*i**2 + 2*i + 3. Let n be p(-2). Let h be -5 + n + 2 + -3. Let j = h + 9. What is the units digit of j?
2
Let p(h) = h**3 - 3*h**2 + h - 4. Let j(l) = l**2 - l - 5. Let b be j(5). Suppose b = -5*k, -f + 3*f = -5*k - 7. What is the tens digit of p(f)?
1
Suppose 0*x + 4*z + 12 = 4*x, 30 = 5*x - 2*z. Suppose 5*q = 4*q + x. What is the units digit of q?
8
Suppose -4*m + 24 = 2*q, 2 = -m + 4*q - 1. Suppose -m*n + 137 - 32 = 0. Suppose 4*u = -2*j + 34 - 8, 0 = -j - 4*u + n. What is the units digit of j?
5
Suppose 2*j + 437 = 7*j - 4*o, 4*j - 355 = 5*o. What is the units digit of j?
5
Suppose -2*v = -4*d - 178, 5*v - 5*d - 435 = -0*d. What is the units digit of v?
5
Let k(i) = i**3 + 5*i**2 - 5*i + 8. Let r be k(-6). Suppose 0 = r*z + 8, -4*s - 2*z - z + 36 = 0. What is the tens digit of s?
1
Suppose t - 4*m = 35, -3*m - 39 = -4*t + 101. What is the units digit of t?
5
Suppose 0 = -2*m - 6*y + 3*y + 811, 2*m - 3*y - 781 = 0. What is the hundreds digit of m?
3
Let c be 2/(-2)*4*-5. Let s = 34 - c. What is the units digit of s?
4
Suppose -4*a - 30 = -2*r, 5*r - 65 + 20 = -5*a. What is the units digit of r?
1
Suppose -2*o + 17 = -13. What is the units digit of o?
5
Let p be 29 - (2 + -3)/(-1). Suppose 18 = 3*o + 2*v, -6*o + p = -o + 4*v. What is the units digit of o?
8
Let i(g) = -g**3 + 8*g**2 - 6*g + 3. Let y be i(7). What is the units digit of ((-156)/y)/(4/(-10))?
9
Let g(r) = -127*r + 4. Let o be g(4). What is the tens digit of (2/(-3))/(7/o)?
4
Let y = 19 + -12. Suppose -y = 4*p + 5. What is the tens digit of 13/(p - -4) + -3?
1
Suppose 0 = 4*u - 150 - 42. Suppose -4*r + 3*t + u = 0, -4*t - 34 = -2*r - 0*r. What is the units digit of r?
9
Let i = -46 + 105. What is the units digit of i?
9
Let y(l) = 8*l - 8. Let x be 